ommon divisor of 6000 and 125?
125
Calculate the highest common factor of 9 and 32.
1
Calculate the greatest common divisor of 3640 and 560.
280
Calculate the greatest common divisor of 539 and 147.
49
What is the greatest common factor of 73 and 2?
1
What is the highest common factor of 308 and 4774?
154
What is the greatest common divisor of 1414 and 14?
14
What is the greatest common divisor of 24 and 51?
3
What is the greatest common divisor of 70 and 42?
14
Calculate the highest common factor of 144 and 80.
16
What is the highest common divisor of 779 and 247?
19
What is the highest common divisor of 234 and 3510?
234
What is the greatest common factor of 11 and 583?
11
What is the greatest common factor of 372 and 2868?
12
Calculate the greatest common factor of 147 and 11277.
21
Calculate the highest common divisor of 8733 and 1491.
213
Calculate the highest common divisor of 152 and 240.
8
What is the greatest common divisor of 726 and 12?
6
What is the highest common divisor of 9 and 2655?
9
What is the greatest common factor of 70 and 2710?
10
What is the highest common factor of 36 and 171?
9
Calculate the greatest common factor of 57 and 1824.
57
What is the greatest common divisor of 30 and 1566?
6
What is the greatest common factor of 2600 and 65?
65
Calculate the highest common factor of 261 and 754.
29
What is the highest common factor of 46 and 1334?
46
What is the greatest common divisor of 39 and 832?
13
Calculate the greatest common factor of 590 and 170.
10
Calculate the highest common divisor of 244 and 2501.
61
Calculate the greatest common divisor of 3234 and 30.
6
What is the highest common factor of 4380 and 120?
60
Calculate the highest common divisor of 24 and 3576.
24
Calculate the greatest common divisor of 238 and 994.
14
What is the greatest common divisor of 468 and 208?
52
Calculate the greatest common factor of 756 and 222.
6
Calculate the highest common factor of 233 and 32387.
233
What is the highest common factor of 888 and 312?
24
Calculate the greatest common factor of 43 and 2.
1
Calculate the highest common divisor of 15445 and 5.
5
What is the greatest common factor of 1106 and 14?
14
What is the highest common factor of 3300 and 55?
55
Calculate the greatest common divisor of 1572 and 24.
12
Calculate the greatest common divisor of 345 and 60.
15
Calculate the highest common divisor of 3184 and 16.
16
Calculate the highest common factor of 505 and 3939.
101
What is the highest common factor of 366 and 244?
122
Calculate the greatest common divisor of 63 and 3897.
9
What is the greatest common divisor of 124 and 682?
62
What is the greatest common divisor of 3255 and 350?
35
What is the greatest common factor of 528 and 616?
88
Calculate the highest common factor of 177 and 11859.
177
What is the highest common divisor of 112 and 504?
56
Calculate the greatest common divisor of 109 and 1853.
109
What is the greatest common divisor of 162 and 6642?
162
Calculate the highest common divisor of 531 and 45.
9
What is the greatest common factor of 9 and 6?
3
Calculate the highest common divisor of 3 and 189.
3
Calculate the greatest common factor of 20 and 45.
5
Calculate the greatest common factor of 2314 and 39.
13
Calculate the greatest common factor of 605 and 20.
5
Calculate the highest common factor of 162 and 180.
18
What is the highest common divisor of 920 and 5704?
184
Calculate the greatest common factor of 30 and 140.
10
What is the greatest common divisor of 1719 and 9?
9
Calculate the highest common factor of 902 and 44.
22
Calculate the greatest common divisor of 7475 and 23.
23
What is the highest common factor of 6 and 573?
3
What is the greatest common divisor of 1269 and 47?
47
Calculate the highest common factor of 83 and 913.
83
Calculate the greatest common factor of 75 and 120.
15
Calculate the greatest common divisor of 68 and 476.
68
What is the greatest common factor of 14 and 32?
2
What is the greatest common factor of 306 and 68?
34
What is the greatest common factor of 476 and 1156?
68
What is the greatest common factor of 55 and 20?
5
Calculate the highest common divisor of 9008 and 4.
4
Calculate the highest common factor of 17 and 391.
17
Calculate the highest common factor of 31 and 372.
31
What is the greatest common divisor of 784 and 8848?
112
What is the highest common factor of 3444 and 84?
84
What is the highest common divisor of 4176 and 504?
72
Calculate the highest common factor of 667 and 184.
23
What is the highest common factor of 784 and 560?
112
Calculate the greatest common factor of 48 and 120.
24
What is the greatest common factor of 1026 and 456?
114
What is the highest common divisor of 42 and 4088?
14
Calculate the greatest common divisor of 640 and 10.
10
What is the greatest common divisor of 3132 and 468?
36
Calculate the greatest common divisor of 216 and 168.
24
Calculate the greatest common divisor of 782 and 34.
34
What is the greatest common divisor of 198 and 387?
9
What is the highest common divisor of 27 and 5400?
27
Calculate the greatest common divisor of 29 and 4901.
29
Calculate the highest common divisor of 2340 and 325.
65
What is the greatest common factor of 4 and 1766?
2
What is the highest common factor of 1170 and 360?
90
What is the greatest common factor of 301 and 77?
7
What is the greatest common divisor of 1008 and 4788?
252
Calculate the highest common factor of 255 and 165.
15
Calculate the highest common divisor of 40 and 460.
20
What is the highest common factor of 184 and 1748?
92
Calculate the greatest common factor of 3382 and 2314.
178
What is the highest common divisor of 520 and 13?
13
Calculate the greatest common divisor of 2624 and 1.
1
Calculate the highest common divisor of 220 and 4.
4
Calculate the greatest common divisor of 6 and 12.
6
What is the highest common factor of 20 and 405?
5
Calculate the highest common divisor of 46 and 2.
2
What is the greatest common factor of 25 and 795?
5
What is the greatest common divisor of 195 and 5915?
65
Calculate the greatest common factor of 80 and 1744.
16
What is the highest common factor of 22 and 11297?
11
What is the greatest common divisor of 9344 and 511?
73
Calculate the highest common divisor of 663 and 156.
39
Calculate the greatest common factor of 28 and 964.
4
Calculate the greatest common divisor of 16 and 112.
16
What is the highest common factor of 6994 and 52?
26
Calculate the greatest common divisor of 103 and 1957.
103
What is the highest common factor of 7 and 6181?
7
What is the greatest common divisor of 70 and 868?
14
What is the greatest common divisor of 630 and 4690?
70
Calculate the highest common factor of 116 and 319.
29
What is the greatest common divisor of 3901 and 47?
47
What is the greatest common divisor of 10080 and 48?
48
Calculate the highest common factor of 108 and 196.
4
Calculate the highest common factor of 10178 and 140.
14
Calculate the greatest common divisor of 1432 and 14499.
179
Calculate the greatest common divisor of 3038 and 31.
31
What is the highest common factor of 9 and 1?
1
What is the greatest common factor of 13915 and 69?
23
What is the highest common divisor of 135 and 1905?
15
Calculate the greatest common divisor of 9285 and 30.
15
Calculate the greatest common factor of 7806 and 24.
6
Calculate the highest common divisor of 13 and 169.
13
What is the greatest common factor of 2442 and 66?
66
What is the greatest common factor of 144 and 38592?
144
What is the greatest common factor of 336 and 21?
21
What is the highest common factor of 246 and 3321?
123
Calculate the highest common factor of 24 and 262.
2
Calculate the highest common factor of 9470 and 40.
10
What is the highest common divisor of 17744 and 32?
16
What is the greatest common factor of 917 and 133?
7
What is the greatest common factor of 70 and 7805?
35
Calculate the greatest common factor of 260 and 6890.
130
Calculate the greatest common divisor of 5539 and 764.
191
What is the greatest common factor of 13431 and 111?
111
Calculate the greatest common factor of 36 and 4.
4
Calculate the greatest common factor of 14 and 4.
2
What is the highest common divisor of 68 and 3196?
68
Calculate the greatest common divisor of 21 and 57.
3
What i